{"id":79424,"date":"2023-07-16T12:36:56","date_gmt":"2023-07-16T10:36:56","guid":{"rendered":"https:\/\/fysiolab.dk\/product\/procare-plantar-fascitis-nattskinne\/"},"modified":"2025-12-18T09:23:02","modified_gmt":"2025-12-18T08:23:02","slug":"procare-plantar-fascitis-nattskinne","status":"publish","type":"product","link":"https:\/\/fysiolab.dk\/no\/product\/procare-plantar-fascitis-nattskinne\/","title":{"rendered":"PROCARE Plantar fascitis nattskinne"},"content":{"rendered":"<h4><strong>Optimal anvendelse<\/strong><\/h4>\n<p>Gj\u00f8r det mulig \u00e5 t\u00f8ye plantar fascia og akillessenen. Lett, robust og fleksibelt skall. Justerbare stropper som gir et jevnt trekk p\u00e5 senevevet. Komfortabelt frott\u00e9f\u00f4r og polstrede stropper i legg og ankel. Leveres med t\u00e5kile for ekstra t\u00f8yning av plantar fascia.    <\/p>\n<p><strong>Passer til venstre og h\u00f8yre.<\/strong><\/p>\n<p><b>St\u00f8rrelsesguide  <\/b><\/p>\n<p><strong>Varen bestilles etter skost\u00f8rrelse<\/strong><\/p>\n<p><a href=\"https:\/\/dev.fysiolab.dk\/wp-content\/uploads\/2025\/05\/F1-3.png\"><img fetchpriority=\"high\" decoding=\"async\" class=\"alignnone size-medium wp-image-202393324\" src=\"https:\/\/dev.fysiolab.dk\/wp-content\/uploads\/2025\/05\/F1-3-300x169.png\" alt=\"\" width=\"300\" height=\"169\" title=\"\"><\/a><\/p>\n<p><strong>Sko st\u00f8rrelse Str<\/strong><\/p>\n<p><strong>&lt;38 S<\/strong><\/p>\n<p><strong>39-41 M<\/strong><\/p>\n<p><strong>42-44 L<\/strong><\/p>\n<p><strong>44-48 XL<\/strong><\/p>\n","protected":false},"excerpt":{"rendered":"<p><strong>Lindrer smerter i akillessenen, akillessenen og underfoten. Enkel \u00e5 ta p\u00e5 og gir maksimal strekk p\u00e5 akillessenen for \u00e5 lindre smerte. Stroppen gj\u00f8r det mulig \u00e5 regulere t\u00f8yningen.   Passer til venstre og h\u00f8yre.<\/strong><\/p>\n<p>https:\/\/www.youtube.com\/watch?v=uG9ZtXDPSMM<\/p>\n","protected":false},"featured_media":92018,"comment_status":"closed","ping_status":"closed","template":"","meta":{"_acf_changed":false},"product_brand":[3139],"product_cat":[1992,1937,1998,1997,2000,2284,1933,1994,1993,2055],"product_tag":[2264],"class_list":{"0":"post-79424","1":"product","2":"type-product","3":"status-publish","4":"has-post-thumbnail","6":"product_brand-procare","7":"product_cat-ankelskinne","8":"product_cat-merkevarer","9":"product_cat-plantar-facitis-no-2","10":"product_cat-plantar-facitis-no","11":"product_cat-procare-no","12":"product_cat-procare-fotbuestoette","13":"product_cat-skinner-og-stoetteskinner","14":"product_cat-sko-og-saaler-no","15":"product_cat-smerter-i-akillessenen","16":"product_cat-smerter-i-fotbuen","17":"product_tag-procare-no","19":"first","20":"instock","21":"taxable","22":"shipping-taxable","23":"purchasable","24":"product-type-variable"},"acf":[],"_links":{"self":[{"href":"https:\/\/fysiolab.dk\/no\/wp-json\/wp\/v2\/product\/79424","targetHints":{"allow":["GET"]}}],"collection":[{"href":"https:\/\/fysiolab.dk\/no\/wp-json\/wp\/v2\/product"}],"about":[{"href":"https:\/\/fysiolab.dk\/no\/wp-json\/wp\/v2\/types\/product"}],"replies":[{"embeddable":true,"href":"https:\/\/fysiolab.dk\/no\/wp-json\/wp\/v2\/comments?post=79424"}],"wp:featuredmedia":[{"embeddable":true,"href":"https:\/\/fysiolab.dk\/no\/wp-json\/wp\/v2\/media\/92018"}],"wp:attachment":[{"href":"https:\/\/fysiolab.dk\/no\/wp-json\/wp\/v2\/media?parent=79424"}],"wp:term":[{"taxonomy":"product_brand","embeddable":true,"href":"https:\/\/fysiolab.dk\/no\/wp-json\/wp\/v2\/product_brand?post=79424"},{"taxonomy":"product_cat","embeddable":true,"href":"https:\/\/fysiolab.dk\/no\/wp-json\/wp\/v2\/product_cat?post=79424"},{"taxonomy":"product_tag","embeddable":true,"href":"https:\/\/fysiolab.dk\/no\/wp-json\/wp\/v2\/product_tag?post=79424"}],"curies":[{"name":"wp","href":"https:\/\/api.w.org\/{rel}","templated":true}]}}

<h4><strong>Optimal anvendelse</strong></h4>
<p>Gjør det mulig å tøye plantar fascia og akillessenen. Lett, robust og fleksibelt skall. Justerbare stropper som gir et jevnt trekk på senevevet. Komfortabelt frottéfôr og polstrede stropper i legg og ankel. Leveres med tåkile for ekstra tøyning av plantar fascia.    </p>
<p><strong>Passer til venstre og høyre.</strong></p>
<p><b>Størrelsesguide  </b></p>
<p><strong>Varen bestilles etter skostørrelse</strong></p>
<p><a href="https://dev.fysiolab.dk/wp-content/uploads/2025/05/F1-3.png"><img fetchpriority="high" decoding="async" class="alignnone size-medium wp-image-202393324" src="https://dev.fysiolab.dk/wp-content/uploads/2025/05/F1-3-300x169.png" alt="" width="300" height="169" title=""></a></p>
<p><strong>Sko størrelse Str</strong></p>
<p><strong>&lt;38 S</strong></p>
<p><strong>39-41 M</strong></p>
<p><strong>42-44 L</strong></p>
<p><strong>44-48 XL</strong></p>

<p><strong>Lindrer smerter i akillessenen, akillessenen og underfoten. Enkel å ta på og gir maksimal strekk på akillessenen for å lindre smerte. Stroppen gjør det mulig å regulere tøyningen.   Passer til venstre og høyre.</strong></p>
<p>https://www.youtube.com/watch?v=uG9ZtXDPSMM</p>
