{"id":84506,"date":"2025-04-10T18:38:04","date_gmt":"2025-04-10T16:38:04","guid":{"rendered":"https:\/\/fysiolab.dk\/product\/kald-bandasje-for-kne-dobbeltsidig\/"},"modified":"2025-12-18T09:23:44","modified_gmt":"2025-12-18T08:23:44","slug":"kald-bandasje-for-kne-dobbeltsidig","status":"publish","type":"product","link":"https:\/\/fysiolab.dk\/no\/product\/kald-bandasje-for-kne-dobbeltsidig\/","title":{"rendered":"Kald bandasje for kne (dobbeltsidig)"},"content":{"rendered":"<p><strong>RehabMedic Cold Knee Brace - Double Flexible<\/strong><br \/>\nEffektiv kuldebehandling for kneet - fleksibel, justerbar og klar til bruk.<\/p>\n<p><a href=\"https:\/\/fysiolab.dk\/no\/product\/kulde-varmepose\/\"><strong>Her finner du kuldepakker til \u00e5 legge i bandasjen<\/strong><\/a><\/p>\n<p>Denne fleksible kuldepakken fra RehabMedic er utviklet for \u00e5 gi m\u00e5lrettet kuldebehandling til kneleddet. Bandasjen tilpasses enkelt til den enkelte bruker og har plass til \u00e9n eller to kuldepakker (ikke inkludert) etter behov. Den er ideell for behandling av akutte skader, st\u00f8t, postoperative tilstander og symptomer p\u00e5 artrose.  <\/p>\n<p><strong>Funksjoner:<\/strong><\/p>\n<ul>\n<li>Justerbar passform - tilpasset individuelle behov<\/li>\n<li>Plass til 1 eller 2 kj\u00f8lepakker (ikke inkludert)<\/li>\n<li>Reduserer hevelse, r\u00f8dhet og smerte<\/li>\n<li>Egnet for akutte kneskader, etter operasjoner og slitasjegikt<\/li>\n<li>Komfortabel og fleksibel passform<\/li>\n<\/ul>\n<p>Et uunnv\u00e6rlig verkt\u00f8y i ethvert skadebehandlings- eller rehabiliteringsprogram.<\/p>\n","protected":false},"excerpt":{"rendered":"<p><strong>Denne fleksible kuldepakken fra RehabMedic er utviklet for \u00e5 gi m\u00e5lrettet kuldebehandling til kneleddet. Bandasjen tilpasses enkelt til den enkelte bruker og har plass til \u00e9n eller to kuldepakker (ikke inkludert) etter behov. Den er ideell for behandling av akutte skader, st\u00f8t, postoperative tilstander og symptomer p\u00e5 artrose.    <a href=\"https:\/\/fysiolab.dk\/no\/product\/kulde-varmepose\/\">Kuldepakker kan kj\u00f8pes her<\/a><\/strong><\/p>\n<p>&nbsp;<\/p>\n","protected":false},"featured_media":84509,"comment_status":"closed","ping_status":"closed","template":"","meta":{"_acf_changed":false},"product_brand":[3087],"product_cat":[2677,2119,2124,2120,2434,1948,1937,1943,1941,1933],"product_tag":[1944],"class_list":{"0":"post-84506","1":"product","2":"type-product","3":"status-publish","4":"has-post-thumbnail","6":"product_brand-rehabmedic","7":"product_cat-gjenbrukbare-kulde-varmetetninger","8":"product_cat-kald-og-varmebehandling","9":"product_cat-kald-varmebehandling","10":"product_cat-kalde-pakninger","11":"product_cat-kjoeleprodukter","12":"product_cat-klinikk","13":"product_cat-merkevarer","14":"product_cat-rehabmedic-no","15":"product_cat-rekonvalesens-og-sportspleie","16":"product_cat-skinner-og-stoetteskinner","17":"product_tag-rehabmedic-no","19":"first","20":"instock","21":"taxable","22":"shipping-taxable","23":"purchasable","24":"product-type-simple"},"acf":[],"_links":{"self":[{"href":"https:\/\/fysiolab.dk\/no\/wp-json\/wp\/v2\/product\/84506","targetHints":{"allow":["GET"]}}],"collection":[{"href":"https:\/\/fysiolab.dk\/no\/wp-json\/wp\/v2\/product"}],"about":[{"href":"https:\/\/fysiolab.dk\/no\/wp-json\/wp\/v2\/types\/product"}],"replies":[{"embeddable":true,"href":"https:\/\/fysiolab.dk\/no\/wp-json\/wp\/v2\/comments?post=84506"}],"wp:featuredmedia":[{"embeddable":true,"href":"https:\/\/fysiolab.dk\/no\/wp-json\/wp\/v2\/media\/84509"}],"wp:attachment":[{"href":"https:\/\/fysiolab.dk\/no\/wp-json\/wp\/v2\/media?parent=84506"}],"wp:term":[{"taxonomy":"product_brand","embeddable":true,"href":"https:\/\/fysiolab.dk\/no\/wp-json\/wp\/v2\/product_brand?post=84506"},{"taxonomy":"product_cat","embeddable":true,"href":"https:\/\/fysiolab.dk\/no\/wp-json\/wp\/v2\/product_cat?post=84506"},{"taxonomy":"product_tag","embeddable":true,"href":"https:\/\/fysiolab.dk\/no\/wp-json\/wp\/v2\/product_tag?post=84506"}],"curies":[{"name":"wp","href":"https:\/\/api.w.org\/{rel}","templated":true}]}}

<p><strong>RehabMedic Cold Knee Brace - Double Flexible</strong><br />
Effektiv kuldebehandling for kneet - fleksibel, justerbar og klar til bruk.</p>
<p><a href="https://fysiolab.dk/no/product/kulde-varmepose/"><strong>Her finner du kuldepakker til å legge i bandasjen</strong></a></p>
<p>Denne fleksible kuldepakken fra RehabMedic er utviklet for å gi målrettet kuldebehandling til kneleddet. Bandasjen tilpasses enkelt til den enkelte bruker og har plass til én eller to kuldepakker (ikke inkludert) etter behov. Den er ideell for behandling av akutte skader, støt, postoperative tilstander og symptomer på artrose.  </p>
<p><strong>Funksjoner:</strong></p>
<ul>
<li>Justerbar passform - tilpasset individuelle behov</li>
<li>Plass til 1 eller 2 kjølepakker (ikke inkludert)</li>
<li>Reduserer hevelse, rødhet og smerte</li>
<li>Egnet for akutte kneskader, etter operasjoner og slitasjegikt</li>
<li>Komfortabel og fleksibel passform</li>
</ul>
<p>Et uunnværlig verktøy i ethvert skadebehandlings- eller rehabiliteringsprogram.</p>

<p><strong>Denne fleksible kuldepakken fra RehabMedic er utviklet for å gi målrettet kuldebehandling til kneleddet. Bandasjen tilpasses enkelt til den enkelte bruker og har plass til én eller to kuldepakker (ikke inkludert) etter behov. Den er ideell for behandling av akutte skader, støt, postoperative tilstander og symptomer på artrose.    <a href="https://fysiolab.dk/no/product/kulde-varmepose/">Kuldepakker kan kjøpes her</a></strong></p>
<p>&nbsp;</p>
